he remainder when 615 is divided by 106.
85
What is the remainder when 280 is divided by 96?
88
Calculate the remainder when 618 is divided by 69.
66
What is the remainder when 38111 is divided by 63?
59
What is the remainder when 375 is divided by 77?
67
What is the remainder when 471 is divided by 9?
3
What is the remainder when 928 is divided by 114?
16
Calculate the remainder when 2237 is divided by 148.
17
Calculate the remainder when 1449 is divided by 472.
33
What is the remainder when 258 is divided by 131?
127
Calculate the remainder when 1899 is divided by 100.
99
What is the remainder when 3522 is divided by 49?
43
What is the remainder when 185 is divided by 46?
1
What is the remainder when 3163 is divided by 21?
13
What is the remainder when 830 is divided by 60?
50
Calculate the remainder when 178 is divided by 18.
16
What is the remainder when 45 is divided by 7?
3
Calculate the remainder when 110 is divided by 21.
5
Calculate the remainder when 223 is divided by 16.
15
What is the remainder when 22 is divided by 14?
8
What is the remainder when 260 is divided by 10?
0
What is the remainder when 3916 is divided by 20?
16
What is the remainder when 54 is divided by 28?
26
What is the remainder when 480 is divided by 69?
66
What is the remainder when 553 is divided by 15?
13
What is the remainder when 292 is divided by 83?
43
What is the remainder when 926 is divided by 156?
146
Calculate the remainder when 418 is divided by 6.
4
Calculate the remainder when 85 is divided by 3.
1
What is the remainder when 16765 is divided by 16?
13
Calculate the remainder when 3407 is divided by 31.
28
Calculate the remainder when 374 is divided by 8.
6
What is the remainder when 80 is divided by 6?
2
What is the remainder when 920 is divided by 130?
10
Calculate the remainder when 1632 is divided by 280.
232
Calculate the remainder when 258 is divided by 88.
82
Calculate the remainder when 12 is divided by 6.
0
What is the remainder when 1474 is divided by 103?
32
Calculate the remainder when 3682 is divided by 123.
115
What is the remainder when 2255 is divided by 107?
8
What is the remainder when 54 is divided by 41?
13
Calculate the remainder when 1174 is divided by 7.
5
Calculate the remainder when 5 is divided by 3.
2
Calculate the remainder when 795 is divided by 67.
58
What is the remainder when 148 is divided by 31?
24
What is the remainder when 1840 is divided by 45?
40
Calculate the remainder when 216 is divided by 31.
30
What is the remainder when 214 is divided by 62?
28
Calculate the remainder when 177 is divided by 72.
33
Calculate the remainder when 10487 is divided by 1747.
5
What is the remainder when 377 is divided by 5?
2
What is the remainder when 238 is divided by 30?
28
What is the remainder when 375 is divided by 29?
27
What is the remainder when 105 is divided by 10?
5
What is the remainder when 250 is divided by 5?
0
What is the remainder when 720 is divided by 46?
30
Calculate the remainder when 487 is divided by 35.
32
What is the remainder when 7420 is divided by 530?
0
Calculate the remainder when 407 is divided by 68.
67
What is the remainder when 2718 is divided by 301?
9
Calculate the remainder when 979 is divided by 109.
107
What is the remainder when 239 is divided by 91?
57
What is the remainder when 246 is divided by 55?
26
What is the remainder when 434 is divided by 163?
108
What is the remainder when 553 is divided by 184?
1
What is the remainder when 800 is divided by 257?
29
Calculate the remainder when 125 is divided by 8.
5
Calculate the remainder when 1974 is divided by 79.
78
What is the remainder when 1372 is divided by 6?
4
Calculate the remainder when 113 is divided by 13.
9
What is the remainder when 131 is divided by 122?
9
What is the remainder when 595 is divided by 23?
20
Calculate the remainder when 122 is divided by 14.
10
What is the remainder when 3143 is divided by 8?
7
Calculate the remainder when 258 is divided by 75.
33
What is the remainder when 7211 is divided by 12?
11
What is the remainder when 310 is divided by 21?
16
What is the remainder when 218 is divided by 76?
66
Calculate the remainder when 92 is divided by 31.
30
What is the remainder when 165 is divided by 17?
12
What is the remainder when 928 is divided by 30?
28
What is the remainder when 4414 is divided by 32?
30
What is the remainder when 113 is divided by 23?
21
Calculate the remainder when 291 is divided by 45.
21
What is the remainder when 235 is divided by 46?
5
What is the remainder when 519 is divided by 29?
26
Calculate the remainder when 189 is divided by 92.
5
Calculate the remainder when 447 is divided by 15.
12
What is the remainder when 2673 is divided by 6?
3
What is the remainder when 159 is divided by 52?
3
Calculate the remainder when 183 is divided by 32.
23
Calculate the remainder when 14780 is divided by 64.
60
Calculate the remainder when 95 is divided by 21.
11
Calculate the remainder when 1626 is divided by 73.
20
What is the remainder when 239 is divided by 40?
39
What is the remainder when 469 is divided by 140?
49
What is the remainder when 63 is divided by 3?
0
What is the remainder when 574 is divided by 188?
10
What is the remainder when 209 is divided by 190?
19
What is the remainder when 1396 is divided by 162?
100
What is the remainder when 406 is divided by 41?
37
Calculate the remainder when 63 is divided by 2.
1
What is the remainder when 3449 is divided by 7?
5
What is the remainder when 1046 is divided by 70?
66
What is the remainder when 82 is divided by 12?
10
Calculate the remainder when 19871 is divided by 96.
95
Calculate the remainder when 7235 is divided by 94.
91
Calculate the remainder when 1780 is divided by 198.
196
What is the remainder when 1592 is divided by 104?
32
Calculate the remainder when 5679 is divided by 80.
79
Calculate the remainder when 47 is divided by 7.
5
Calculate the remainder when 131 is divided by 69.
62
What is the remainder when 1107 is divided by 101?
97
Calculate the remainder when 450 is divided by 213.
24
What is the remainder when 599 is divided by 10?
9
Calculate the remainder when 607 is divided by 116.
27
What is the remainder when 43 is divided by 7?
1
Calculate the remainder when 430 is divided by 24.
22
What is the remainder when 1189 is divided by 150?
139
Calculate the remainder when 655 is divided by 9.
7
What is the remainder when 2123 is divided by 7?
2
Calculate the remainder when 4176 is divided by 20.
16
Calculate the remainder when 341 is divided by 141.
59
What is the remainder when 48 is divided by 19?
10
What is the remainder when 442 is divided by 109?
6
What is the remainder when 835 is divided by 109?
72
Calculate the remainder when 974 is divided by 14.
8
What is the remainder when 28191 is divided by 16?
15
What is the remainder when 322 is divided by 65?
62
What is the remainder when 452 is divided by 31?
18
Calculate the remainder when 225 is divided by 48.
33
What is the remainder when 1894 is divided by 471?
10
Calculate the remainder when 342 is divided by 72.
54
What is the remainder when 1519 is divided by 13?
11
Calculate the remainder when 2172 is divided by 362.
0
What is the remainder when 1340 is divided by 39?
14
Calculate the remainder when 921 is divided by 229.
5
What is the remainder when 5438 is divided by 49?
48
What is the remainder when 305 is divided by 125?
55
What is the remainder when 782 is divided by 380?
22
Calculate the remainder when 53 is divided by 31.
22
Calculate the remainder when 8226 is divided by 44.
42
What is the remainder when 5345 is divided by 17?
7
What is the remainder when 218 is divided by 44?
42
Calculate the remainder when 197 is divided by 40.
37
Calculate the remainder when 197 is divided by 10.
7
Calculate the remainder when 3507 is divided by 10.
7
Calculate the remainder when 4661 is divided by 42.
41
Calculate the remainder when 2909 is divided by 22.
5
Calculate the remainder when 32 is divided by 11.
10
Calculate the remainder when 80 is divided by 22.
14
Calculate the remainder when 698 is divided by 25.
23
What is the remainder when 80 is divided by 14?
10
What is the remainder when 410 is divided by 39?
20
What is the remainder when 894 is divided by 150?
1